the prime factors of 9308640.
2, 3, 5, 11, 41, 43
What are the prime factors of 85998?
2, 3, 11, 1303
What are the prime factors of 556675?
5, 7, 3181
What are the prime factors of 62776?
2, 7, 19, 59
List the prime factors of 3300223.
103, 179
List the prime factors of 810022.
2, 405011
List the prime factors of 11256226.
2, 5628113
What are the prime factors of 1071900?
2, 3, 5, 397
What are the prime factors of 78239?
7, 11177
What are the prime factors of 19472743?
23, 31, 881
List the prime factors of 11619550.
2, 5, 232391
What are the prime factors of 415900?
2, 5, 4159
What are the prime factors of 131493?
3, 53, 827
List the prime factors of 121597.
7, 29, 599
What are the prime factors of 350444?
2, 79, 1109
List the prime factors of 4978526.
2, 7, 355609
What are the prime factors of 96090?
2, 3, 5, 3203
List the prime factors of 3369873.
3, 13, 71, 1217
What are the prime factors of 55860?
2, 3, 5, 7, 19
What are the prime factors of 560661?
3, 37, 5051
List the prime factors of 6939613.
29, 239297
List the prime factors of 144951.
3, 19, 2543
List the prime factors of 2833027.
2833027
What are the prime factors of 1170010?
2, 5, 23, 5087
List the prime factors of 12392790.
2, 3, 5, 413093
What are the prime factors of 2695129?
17, 158537
What are the prime factors of 3491509?
7, 498787
List the prime factors of 12980811.
3, 4326937
What are the prime factors of 581985?
3, 5, 479
What are the prime factors of 1205456?
2, 7, 47, 229
List the prime factors of 4112281.
4112281
List the prime factors of 17042396.
2, 7, 86951
What are the prime factors of 2938912?
2, 91841
List the prime factors of 14003321.
47, 401, 743
What are the prime factors of 442011?
3, 251, 587
What are the prime factors of 1807993?
11, 164363
List the prime factors of 85468.
2, 23, 929
What are the prime factors of 1577170?
2, 5, 7, 22531
List the prime factors of 604246.
2, 302123
What are the prime factors of 165333?
3, 7, 7873
What are the prime factors of 1694164?
2, 423541
List the prime factors of 279658.
2, 67, 2087
What are the prime factors of 843007?
11, 6967
What are the prime factors of 328693?
23, 31, 461
List the prime factors of 3476833.
1093, 3181
List the prime factors of 11567159.
179, 64621
What are the prime factors of 181331?
43, 4217
List the prime factors of 434060.
2, 5, 11, 1973
List the prime factors of 189018.
2, 3, 10501
List the prime factors of 7052438.
2, 31, 113749
What are the prime factors of 1217030?
2, 5, 17, 7159
What are the prime factors of 438355?
5, 87671
List the prime factors of 9724251.
3, 29, 111773
List the prime factors of 1984756.
2, 127, 3907
List the prime factors of 4703963.
11, 19, 71, 317
What are the prime factors of 637207?
113, 5639
List the prime factors of 71028.
2, 3, 1973
What are the prime factors of 1023448?
2, 127931
List the prime factors of 595111.
11, 54101
What are the prime factors of 109931?
211, 521
List the prime factors of 17930115.
3, 5, 7, 56921
What are the prime factors of 11760027?
3, 43, 91163
List the prime factors of 773441.
43, 17987
What are the prime factors of 5862823?
809, 7247
What are the prime factors of 9930236?
2, 19, 193, 677
What are the prime factors of 367730?
2, 5, 11, 3343
List the prime factors of 141125.
5, 1129
What are the prime factors of 4073?
4073
What are the prime factors of 2436459?
3, 23, 35311
List the prime factors of 19365346.
2, 7, 11, 13, 17, 569
List the prime factors of 476020.
2, 5, 23801
What are the prime factors of 645552?
2, 3, 4483
List the prime factors of 13474647.
3, 29, 17209
List the prime factors of 9333167.
67, 139301
What are the prime factors of 7403966?
2, 3701983
What are the prime factors of 1458615?
3, 5, 97241
What are the prime factors of 13533279?
3, 4511093
What are the prime factors of 612161?
11, 19, 29, 101
What are the prime factors of 494563?
494563
What are the prime factors of 10851162?
2, 3, 7, 29, 59, 151
What are the prime factors of 70368?
2, 3, 733
List the prime factors of 139815.
3, 5, 13, 239
What are the prime factors of 2227908?
2, 3, 31, 53, 113
What are the prime factors of 214254?
2, 3, 11903
What are the prime factors of 11888909?
11888909
What are the prime factors of 6643073?
17, 53, 73, 101
List the prime factors of 3636367.
7, 163, 3187
What are the prime factors of 136577?
7, 109, 179
List the prime factors of 572503.
181, 3163
List the prime factors of 2133468.
2, 3, 59263
List the prime factors of 1337481.
3, 148609
What are the prime factors of 3537361?
47, 73, 1031
What are the prime factors of 2808810?
2, 3, 5, 101, 103
What are the prime factors of 774394?
2, 387197
What are the prime factors of 132343?
89, 1487
What are the prime factors of 22787219?
7, 13, 250409
List the prime factors of 639740.
2, 5, 29, 1103
What are the prime factors of 819843?
3, 273281
List the prime factors of 5009573.
5009573
List the prime factors of 769630.
2, 5, 76963
What are the prime factors of 666857?
666857
List the prime factors of 4924170.
2, 3, 5, 54713
What are the prime factors of 88015?
5, 29, 607
List the prime factors of 3502836.
2, 3, 97301
List the prime factors of 3171159.
3, 37, 89, 107
What are the prime factors of 2464581?
3, 7, 117361
What are the prime factors of 28319726?
2, 37, 109, 3511
What are the prime factors of 20194034?
2, 7, 29, 49739
List the prime factors of 1402165.
5, 173, 1621
What are the prime factors of 280566?
2, 3, 11, 13, 109
List the prime factors of 3690423.
3, 11, 37277
List the prime factors of 4661402.
2, 29, 80369
What are the prime factors of 3359679?
3, 23, 29, 73
What are the prime factors of 59542?
2, 7, 4253
List the prime factors of 8071.
7, 1153
List the prime factors of 294728.
2, 7, 19, 277
What are the prime factors of 433843?
467, 929
List the prime factors of 68997.
3, 109, 211
What are the prime factors of 83741?
7, 1709
List the prime factors of 322630.
2, 5, 7, 11, 419
What are the prime factors of 12672439?
13, 974803
List the prime factors of 1558238.
2, 11, 47, 137
List the prime factors of 576319.
576319
List the prime factors of 1407777.
3, 7, 43, 1559
List the prime factors of 8398125.
3, 5, 1493
What are the prime factors of 1286825?
5, 51473
List the prime factors of 1090244.
2, 17, 16033
What are the prime factors of 8158531?
8158531
List the prime factors of 18521449.
17, 1089497
What are the prime factors of 4114441?
523, 7867
What are the prime factors of 142214?
2, 211, 337
List the prime factors of 18667951.
521, 35831
What are the prime factors of 79075?
5, 3163
List the prime factors of 470689.
470689
List the prime factors of 1580386.
2, 41, 19273
What are the prime factors of 25252050?
2, 3, 5, 168347
What are the prime factors of 437951?
107, 4093
What are the prime factors of 4559162?
2, 17, 134093
What are the prime factors of 4783834?
2, 11, 17, 12791
What are the prime factors of 2334411?
3, 259379
What are the prime factors of 3166092?
2, 3, 31, 2837
What are the prime factors of 1615294?
2, 807647
What are the prime factors of 13388613?
3, 7, 91079
List the prime factors of 1897931.
7, 17, 41, 389
List the prime factors of 427648.
2, 13, 257
List the prime factors of 167358.
2, 3, 27893
List the prime factors of 850249.
59, 14411
List the prime factors of 1495322.
2, 23, 32507
What are the prime factors of 6143103?
3, 17, 40151
List the prime factors of 15270868.
2, 3817717
What are the prime factors of 9496399?
11, 863309
What are the prime factors of 728703?
3, 137, 197
What are the prime factors of 6880168?
2, 317, 2713
List the prime factors of 11691042.
2, 3, 11, 19, 9323
What are the prime factors of 74918?
2, 47, 797
What are the prime factors of 8303128?
2, 43, 24137
List the prime factors of 1398746.
2, 699373
List the prime factors of 133626.
2, 3, 22271
What are the prime factors of 209446?
2, 104723
List the prime factors of 181111.
7, 25873
What are the prime factors of 518198?
2, 259099
List the prime factors of 2245820.
2, 5, 112291
What are the prime factors of 235758?
2, 3, 39293
List the prime factors of 4341602.
2, 73, 131, 227
What are the prime factors of 10816119?
3, 400597
What are the prime factors of 8415243?
3, 37, 683
List the prime factors of 4438907.
11, 403537
List the prime factors of 17083330